 -p**2 - 3*p - 23. Let v(h) = -h - 6. Let m(k) = 9*v(k) - 2*x(k). Let q be m(4). Suppose 2*n + q = 4*n - z, -2 = -z. What is the units digit of n?
7
Let r(m) = 8*m + 25. Suppose v = 2*s + 2*v - 12, 3*s + 3*v = 15. Suppose 0 = 2*g - g - s. What is the units digit of r(g)?
1
Let v = 12507 + -7173. Suppose 3*a = -4*a + v. What is the units digit of a?
2
Let f(b) = b**2 + b + 35. Let i be f(0). Let h = i - 33. Suppose -4*c = -w - 346, h*w - 168 = -0*c - 2*c. What is the tens digit of c?
8
Let r(s) = 12*s + 87. Let m be r(-7). Suppose 0 = -3*l + 3*p + 1827, m*l = -5*p + 1985 - 166. What is the units digit of l?
8
Let w(i) = -i**3 - 2*i**3 - 925*i**2 - 8 + 927*i**2. What is the tens digit of w(-4)?
1
Suppose 0 = 9*v - 23 - 4. Let a be ((v - 5) + -4)/(6/(-75)). Suppose 0 = 2*j - 5*p - 298, p + 647 = 5*j - a. What is the tens digit of j?
4
Let g = -58 + 63. Suppose -j = -5*f - g*j - 5, -5*f + 3*j + 30 = 0. Suppose 5*a - 567 = -f*l, 2*l - 41 - 189 = -2*a. What is the units digit of a?
1
Let i(x) be the third derivative of -3*x**4/8 + 2*x**3 + 11*x**2. Let m be i(10). Let o = -3 - m. What is the tens digit of o?
7
Suppose -3*m + 6*g - 19 = g, -5*m + 4*g = 10. Suppose 5*c - 3*b = 516, b = -5*c + m*c + 304. What is the tens digit of c?
0
Let a(r) be the second derivative of 95*r**3/2 - 297*r**2/2 + 38*r. What is the tens digit of a(7)?
9
Let h(y) = 5*y**3 - 2*y**2 + 3*y - 2. Let i be h(1). Suppose -14 = j + i*z, 5*j + 104 = 2*z - 5*z. What is the units digit of (-2123)/j + (-1)/(-2)?
7
Let l(u) = -3720*u - 1595. What is the units digit of l(-14)?
5
Let r be ((-2912)/(-35))/(8/(-60)). Let i = r + 717. What is the tens digit of i?
9
Let q(p) = -p**2 + 28*p - 54. Let c be q(18). Suppose 2*b = -4*o + c, -3*o + 65 = -2*b - 40. What is the units digit of o?
3
Suppose -15*u - 72 = -3*u. What is the units digit of 91/(-6 + (-38)/u)?
3
Let d(w) = w**2 - 17*w. Let s be d(17). Suppose -5*m + m + 14 = -2*t, s = -5*m - 4*t + 50. Let z = m + 3. What is the units digit of z?
9
Let b = -4345 - -53520. What is the ten thousands digit of b?
4
Suppose -104*y - 4126 = -105*y + 1275. What is the hundreds digit of y?
4
Let q = -153 + 371. Let o = -119 + q. Suppose -2*k + 479 = o. What is the units digit of k?
0
Let o(c) = -4*c - 23. Suppose -3*k - 6*a + 2*a - 31 = 0, 5*k + 21 = a. Let n be o(k). What is the tens digit of ((-278)/(-6))/(((-2)/n)/2)?
3
Let c(u) = 213*u + 40. Let o be c(-2). Let r = -106 - o. What is the hundreds digit of r?
2
Let z = -72 - -223. Let q = z - -32. What is the hundreds digit of q?
1
Suppose 99415 = 5*y - 5*u, u = 3*y - 14559 - 45090. What is the units digit of y?
3
Let m(j) = 86*j + 5. Let q be 4 - (210/(-56) + (-1)/4). What is the units digit of m(q)?
3
Let l = 398 - -2298. What is the tens digit of l?
9
Let a be ((-12)/15)/(3/795). Let w = a - -304. Let m = 15 + w. What is the hundreds digit of m?
1
Suppose 9*t + 10*t - 6650 = 0. Let z = 471 - t. What is the units digit of z?
1
Let c = 2644 - -26575. What is the hundreds digit of c?
2
Let g(l) = l**2 + 23*l + 32. Let f be g(-22). Suppose -5*o = -a - 1773, -f*a + 1428 = 4*o - 6*a. What is the tens digit of o?
5
Suppose 0 = -2*h - 5*f + 5, -20*f + 1 = -19*f. Suppose 3*p + 5*u - 983 = 0, -5*p - 33*u + 36*u + 1593 = h. What is the hundreds digit of p?
3
Let v(q) = -3854*q - 230. What is the units digit of v(-1)?
4
Suppose -26*s = -31*s - 10. What is the tens digit of (s - (-328)/(-6))*(-30)/20?
8
Suppose -13*v - 4 = -15*v, -3*m + 96989 = -5*v. What is the ten thousands digit of m?
3
Let z(p) = 3100*p + 1227. What is the tens digit of z(2)?
2
Let u be (10/3)/((-14)/(-21)). Suppose u*h + 22 = 7. Let z(x) = 13*x**2 - 9. What is the units digit of z(h)?
8
Suppose -42*d + 26*d + 561224 = 46*d. What is the thousands digit of d?
9
Let k(f) = -f + 2. Let x be k(-10). Suppose -11*z = -x*z - 170. Let n = 126 - z. What is the hundreds digit of n?
2
Let x(a) = a**2 - 14*a + 52. Let b be x(14). Suppose h - 24 = b. Suppose 0 = -0*f - 3*f + 9, 2*f = i - h. What is the tens digit of i?
8
Let u = -11 - 156. What is the tens digit of 2/(-8)*-1*(-43 - u)?
3
Let s = 4224 - -2339. What is the tens digit of s?
6
What is the tens digit of (-21 - -13) + -4*8*-17*16?
9
Suppose 30 = 5*x - 0. Suppose 0 = -b + 3*b - z + 37, 0 = 2*z + x. What is the tens digit of (-807)/(-12) + (-15)/b?
6
Let i(h) be the third derivative of -7*h**6/120 - h**5/12 + 5*h**4/12 + 3*h**3 - 117*h**2. What is the units digit of i(-5)?
8
What is the tens digit of (22140/5166)/(2419/(-2422) - -1)?
6
Suppose 0 = -3*i - 4*a + 21, -6*a + 3*a + 18 = 3*i. Let j(f) = -5*f + 5. Let g be j(i). What is the hundreds digit of -4 - (-262)/(g/(-5))?
1
Suppose 51*d - 14217 + 11487 = 31797. What is the tens digit of d?
7
Let j(s) = s**2 - 3*s + 4. Let a = -19 + 29. Suppose -5 = w - a. What is the units digit of j(w)?
4
Suppose -3*f = 2*g - 21049, 5*f = -5*g + 44329 + 8291. What is the thousands digit of g?
0
Suppose -90*k - 2*a - 10858 = -92*k, 2*k - 10852 = 4*a. What is the hundreds digit of k?
4
Let m = 15 - 13. Let d be (m/6)/(-1) + 331/3. Let z = d + -21. What is the units digit of z?
9
Suppose 0 = -135*c + 7831238 - 176063. What is the thousands digit of c?
6
Suppose -10 = -2*g - 3*g. Suppose -g*f = b + 5 - 718, b = 4*f - 1441. Suppose -f = -4*j + 181. What is the hundreds digit of j?
1
Suppose -5*s + 18 = 5*o - 7, -s + 5*o = -35. Suppose 4494 = s*g - 1796. What is the units digit of g?
9
Suppose -d - 24 = 4*j + 2*d, 0 = -5*d. What is the hundreds digit of (-1)/j*-3*-826?
4
Let b be ((-32)/40)/(4/(-4670)). Suppose -17 - b = -q. What is the hundreds digit of q?
9
Let c(s) be the third derivative of 157*s**6/120 - s**5/12 + s**4/24 - s**3/3 - 247*s**2. What is the hundreds digit of c(2)?
2
Let z(q) = 6*q**2 - 18*q + 9. Let y be z(6). Suppose -y = -2*j - 5. What is the units digit of j?
6
Let o be 66/4*8/(-6). Suppose -5*v = 3*i + 94, 2*v + 137 = -4*i + 7. Let u = o - i. What is the units digit of u?
1
Let w = -74 - -75. Let r be 12 + -12 + -1*w. Let v(h) = -131*h**3 - 2*h**2 + h + 2. What is the hundreds digit of v(r)?
1
Let b(j) = 3*j**3 + 14*j**2 + 225*j - 86. What is the units digit of b(18)?
6
Let c(l) = l**3 - 13*l**2 - 7*l - 4. Let q be c(14). Let f = -191 + q. Let o = f - -250. What is the tens digit of o?
5
Suppose 15*g = 26*g - 63164 - 29852. What is the hundreds digit of g?
4
Suppose -j - 23688 = -2*z, 3*z + 5*j = 25871 + 9661. Suppose -z = -26*q + 12*q. What is the tens digit of q?
4
Let k = 180 + -169. Let r(a) = 15*a - 87. What is the tens digit of r(k)?
7
Suppose -4*i - 6146 = -2*i - 9*i. What is the units digit of i?
8
Let b be 12 + 6/2*(-6)/(-9). Let x be (1 + b/(-10))/(1/15). What is the units digit of ((-9)/x)/1*74?
1
Suppose 3*x - 4*z = -3*z + 159, x = -z + 53. Let j = -3 - x. Let c = j - -94. What is the units digit of c?
8
Let x(s) = 1209*s**2 - 12*s - 29. What is the hundreds digit of x(-2)?
8
Let a = 35117 - 8154. What is the hundreds digit of a?
9
Let z be (22/6)/((7/(-7))/78). Let m = 167 - 79. What is the units digit of (-1)/4 - z/m?
3
Suppose -4*w + 1 + 13 = -2*o, -2*w - o + 1 = 0. Suppose -21*s + 1862 = -w*s. What is the tens digit of s?
9
Suppose 0 = 4*f + 4*u - 51468, -16494 = -2*f + 4*u + 9204. What is the tens digit of f?
6
Let d be 1214/(-22) - (-16)/88. Let i = d + 190. What is the tens digit of i?
3
What is the tens digit of 2*((-130 - -126) + (-48958)/(-4))?
7
Let t(j) = 1121*j**3 + 3*j**2 - 4*j + 2. Let i(w) = -w**3 + 16*w**2 - 26*w - 27. Let b be i(14). What is the units digit of t(b)?
2
Let n = -4565 + 53748. What is the tens digit of n?
8
Suppose 0 = -30*t + 32*t - 830. Let r = t + -265. What is the tens digit of r?
5
Suppose -268*d + 261920 = -260*d. What is the tens digit of d?
4
Suppose -17*g - 4*z + 22962 = -15*g, 22944 = 2*g - 2*z. What is the units digit of g?
5
Let y be -2 + (6/(-2))/(-1) - 1. Let m(i) = i**3 + 2*i - 193. Let g be m(y). Let o = g + 286. What is the units digit of o?
3
Suppose -2*x - 9250 = -0*g - 2*g, 0 = -4*x + 16. What is the hundreds digit of g?
6
Suppose -87 - 78 = -3*r - 3*l, 0 = 4*r - 4*l - 188. Suppose 18 = -11*k + r. Suppose -k*b + 320 = -10. What is the hundreds digit of b?
1
Let z be 561/(-18) - 2/(-12). Let n = z - -31. Suppose -5*b + 3*b + 104 = n. What is the units digit of b?
2
Let c 